9?
421, 44029
List the prime factors of 330799843.
11, 59, 46337
List the prime factors of 169425358.
2, 6997, 12107
List the prime factors of 32143913.
557, 57709
What are the prime factors of 495625384?
2, 41, 1511053
What are the prime factors of 9711346?
2, 29, 167437
What are the prime factors of 218668573?
59, 3706247
What are the prime factors of 192110700?
2, 3, 5, 640369
List the prime factors of 49635554.
2, 24817777
List the prime factors of 14431745.
5, 811, 3559
What are the prime factors of 669982335?
3, 5, 11, 1249, 3251
What are the prime factors of 1316461736?
2, 164557717
List the prime factors of 50607752.
2, 13, 463, 1051
What are the prime factors of 2904204805?
5, 580840961
What are the prime factors of 4565551718?
2, 7, 13, 241, 104089
What are the prime factors of 1891625767?
1891625767
List the prime factors of 828437710.
2, 5, 17, 4873163
What are the prime factors of 53802511?
7, 29, 265037
What are the prime factors of 1169363916?
2, 3, 7, 271, 17123
What are the prime factors of 47138980?
2, 5, 7, 103, 467
What are the prime factors of 273878167?
127, 2156521
What are the prime factors of 16519886?
2, 17, 131, 3709
What are the prime factors of 140258486?
2, 70129243
What are the prime factors of 702035039?
702035039
List the prime factors of 34125180.
2, 3, 5, 233, 2441
What are the prime factors of 223896107?
223896107
What are the prime factors of 63531996?
2, 3, 11, 481303
What are the prime factors of 32793670?
2, 5, 7, 13, 36037
What are the prime factors of 127545437?
4789, 26633
List the prime factors of 107584145.
5, 21516829
What are the prime factors of 158798981?
11, 14436271
List the prime factors of 203960830.
2, 5, 853, 23911
What are the prime factors of 369051733?
337, 829, 1321
What are the prime factors of 84605115?
3, 5, 7, 59, 1951
What are the prime factors of 158903734?
2, 11, 23, 28549
What are the prime factors of 61842?
2, 3, 11, 937
What are the prime factors of 3015918552?
2, 3, 1877, 66949
What are the prime factors of 7356794765?
5, 97, 2689, 5641
What are the prime factors of 487185140?
2, 5, 13, 67, 27967
List the prime factors of 1445266161.
3, 160585129
What are the prime factors of 14498785?
5, 7, 61, 6791
What are the prime factors of 337749930?
2, 3, 5, 7, 536111
What are the prime factors of 113306953?
31, 673, 5431
List the prime factors of 2973244829.
137, 21702517
What are the prime factors of 65256244?
2, 23, 709307
What are the prime factors of 1991580961?
47, 607, 69809
List the prime factors of 1432127776.
2, 44753993
List the prime factors of 173282206.
2, 167, 518809
What are the prime factors of 552512981?
552512981
What are the prime factors of 106790220?
2, 3, 5, 151, 3929
What are the prime factors of 219669408?
2, 3, 7, 12107
What are the prime factors of 250888702?
2, 113, 1110127
What are the prime factors of 739529604?
2, 3, 11, 349, 5351
List the prime factors of 1459045.
5, 7, 41687
List the prime factors of 968286086.
2, 14797, 32719
What are the prime factors of 552390453?
3, 61376717
List the prime factors of 393997719.
3, 37, 61, 58189
What are the prime factors of 3736891663?
313, 11938951
What are the prime factors of 1021995098?
2, 61, 617, 13577
List the prime factors of 25617071.
109, 199, 1181
What are the prime factors of 3537233127?
3, 769, 511087
What are the prime factors of 3517231862?
2, 643, 2735017
What are the prime factors of 340219478?
2, 6763, 25153
List the prime factors of 1743326821.
1743326821
List the prime factors of 3291912110.
2, 5, 1723, 191057
What are the prime factors of 188280282?
2, 3, 41, 61, 12547
What are the prime factors of 4906633492?
2, 19, 37, 1744891
What are the prime factors of 20467463?
20467463
What are the prime factors of 1225810688?
2, 19, 252017
What are the prime factors of 117258828?
2, 3, 149, 65581
What are the prime factors of 6051396332?
2, 571, 2649473
List the prime factors of 15936933.
3, 173, 30707
What are the prime factors of 136901511?
3, 2161, 7039
What are the prime factors of 37777731?
3, 12592577
List the prime factors of 333902893.
41, 673, 12101
What are the prime factors of 59516626?
2, 13, 17, 19, 373
List the prime factors of 723128914.
2, 401, 901657
List the prime factors of 126094714.
2, 787, 80111
What are the prime factors of 147606079?
19, 653, 11897
What are the prime factors of 40876735?
5, 8175347
What are the prime factors of 77108117?
449, 171733
What are the prime factors of 41154807?
3, 17, 409, 1973
List the prime factors of 1496893450.
2, 5, 13, 2302913
What are the prime factors of 831910956?
2, 3, 69325913
List the prime factors of 71053164.
2, 3, 7, 13, 23, 41
What are the prime factors of 1945922690?
2, 5, 2617, 74357
What are the prime factors of 225164220?
2, 3, 5, 67, 79, 709
What are the prime factors of 302070792?
2, 3, 12586283
What are the prime factors of 6627154?
2, 3313577
List the prime factors of 1075180533.
3, 7, 31, 421, 3923
List the prime factors of 693058821.
3, 7, 13, 43, 1373
List the prime factors of 45130678.
2, 1429, 15791
What are the prime factors of 747696?
2, 3, 37, 421
List the prime factors of 234686767.
7, 151, 239, 929
What are the prime factors of 312592303?
1163, 268781
What are the prime factors of 1387932723?
3, 23, 83, 80783
List the prime factors of 18023612.
2, 331, 13613
What are the prime factors of 114772936?
2, 59, 73, 3331
List the prime factors of 295671501.
3, 29, 47, 24103
List the prime factors of 6072219.
3, 224897
What are the prime factors of 782486738?
2, 11, 43, 47, 17599
What are the prime factors of 431888380?
2, 5, 7, 11, 107, 2621
What are the prime factors of 248610645?
3, 5, 5524681
List the prime factors of 15725748.
2, 3, 17, 157, 491
What are the prime factors of 335971870?
2, 5, 13, 19, 7159
What are the prime factors of 1293183846?
2, 3, 17, 1408697
What are the prime factors of 1364684725?
5, 1061, 51449
What are the prime factors of 972015050?
2, 5, 19440301
What are the prime factors of 5827272845?
5, 26021, 44789
What are the prime factors of 11028418?
2, 5514209
What are the prime factors of 811102874?
2, 405551437
List the prime factors of 2218243654.
2, 11, 19, 89, 59627
List the prime factors of 579012240.
2, 3, 5, 2412551
What are the prime factors of 437339268?
2, 3, 71, 171103
List the prime factors of 931040315.
5, 186208063
List the prime factors of 69953580.
2, 3, 5, 23, 61, 277
List the prime factors of 84011892.
2, 3, 17, 411823
List the prime factors of 67102973.
7, 277, 34607
What are the prime factors of 112486535?
5, 7, 17, 97, 1949
List the prime factors of 905636838.
2, 3, 150939473
List the prime factors of 60007186.
2, 30003593
What are the prime factors of 5003421730?
2, 5, 103, 4857691
What are the prime factors of 361917858?
2, 3, 60319643
What are the prime factors of 245182874?
2, 17, 7211261
List the prime factors of 10000792.
2, 1250099
List the prime factors of 561748826.
2, 23, 157, 77783
List the prime factors of 70013137.
70013137
What are the prime factors of 22850674?
2, 7, 11, 148381
What are the prime factors of 65353785?
3, 5, 7, 83, 7499
What are the prime factors of 45922176?
2, 3, 39863
List the prime factors of 9801864.
2, 3, 23, 1973
List the prime factors of 2455746218.
2, 1227873109
List the prime factors of 40270544.
2, 239, 10531
What are the prime factors of 20302194?
2, 3, 11, 307609
List the prime factors of 93789029.
93789029
What are the prime factors of 307746129?
3, 857, 119699
List the prime factors of 263132912.
2, 7, 569, 4129
What are the prime factors of 81331274?
2, 40665637
What are the prime factors of 706879570?
2, 5, 4783, 14779
List the prime factors of 591514280.
2, 5, 7, 301793
What are the prime factors of 212639084?
2, 7, 7594253
What are the prime factors of 132746018?
2, 23, 2885783
List the prime factors of 152628256.
2, 11, 37, 11719
List the prime factors of 6383291583.
3, 2127763861
What are the prime factors of 7938128?
2, 11, 23, 37, 53
List the prime factors of 26693419.
41, 739, 881
What are the prime factors of 53579564?
2, 13394891
List the prime factors of 44919306.
2, 3, 19, 43781
What are the prime factors of 1318747071?
3, 139, 3162463
List the prime factors of 60464207.
60464207
List the prime factors of 752322614.